 prime factors of d?
2, 5
Let p(k) = 8*k**3 - 4*k**2 - 3*k + 4. Let j be p(-2). Let o be (-20)/15*-3 - -114. Let z = o + j. List the prime factors of z.
2, 3
Let h(v) = -3 + 2 + 8*v + 0. Suppose -4*w + 1 = 4*z - 3, 0 = 3*w + 9. What are the prime factors of h(z)?
31
Let h be (3/6)/(2/16). Suppose -20 = u + 4*w, -u - h*u + 5*w = 0. Let g = 36 - u. List the prime factors of g.
2, 5
Let z be (6/(-18))/((-1)/6). Let l(m) = 21*m**3 - 3*m + 5*m - 3*m + 2*m**z. List the prime factors of l(1).
2, 11
Let q(k) = -k**2 - 10*k - 11. Let b be q(-8). Suppose -3*h - 17 = -3*j + 28, -5*j = b*h - 25. Suppose f = -f + j. List the prime factors of f.
5
Suppose -75 = -3*k + 435. Let w = 251 - k. What are the prime factors of w?
3
Let f = 16 - 13. Suppose 2*j + 3*j = -4*t + 29, -f = -3*t. Suppose 2*s - j*u = 94, -91 - 111 = -4*s + 3*u. What are the prime factors of s?
2, 13
Suppose 0 = -s - 3*i - 2, 2*s - 2*i + 6 = 2. List the prime factors of -4 - s - (4 - 66).
2, 3, 5
Suppose -2*j = -2 - 2. Suppose -j*f + 0*f - 14 = 0. Let v = f - -13. What are the prime factors of v?
2, 3
Suppose -28*n = -0*n - 8512. What are the prime factors of n?
2, 19
Suppose t - 3 = 3*z + 5, -2*t + 2*z + 8 = 0. Suppose 3*y - 57 = -4*p + 34, t*y - 66 = -4*p. What are the prime factors of y?
5
Suppose y - 442 = -2*k, -5*y + k = -3*y - 909. List the prime factors of y.
2, 113
Let c(w) = 12. Let i(j) = j - 12. Let s(a) = 4*c(a) + 5*i(a). Let o be s(8). Suppose -5*q + 82 = -2*y, -2*q + 0*q = -2*y - o. List the prime factors of q.
2, 3
Suppose 35*w - 41907 = 11328. What are the prime factors of w?
3, 13
Let l(f) = -61*f + 6. Let v be l(-1). Let w = 117 - v. List the prime factors of w.
2, 5
Let o(f) = 2*f + 4*f + 7 - 5*f + f. Let h be o(-8). What are the prime factors of 3/h*-21 + -4?
3
What are the prime factors of (-620)/25*(0 - (-10)/(-2))?
2, 31
Let t(m) = m**3 + 5*m**2 + 4*m. Let u be t(-4). List the prime factors of (u - -1) + 840/15.
3, 19
Let u(w) = 3*w**2 - 7*w + 64. List the prime factors of u(-13).
2, 331
Suppose -33*s + 23323 = 6196. List the prime factors of s.
3, 173
Suppose -692*p + 690*p + 1068 = 0. What are the prime factors of p?
2, 3, 89
Let w = 0 + -1. Let s(y) = -y**3 - 13*y**2 + 4. Let r be s(-13). List the prime factors of w/(r/(-10))*10.
5
Let o = -27 - -27. Suppose o = s + 6*f - 2*f - 51, -3*s - 5*f + 132 = 0. What are the prime factors of s?
3, 13
Suppose -3*x = -x - 4*n + 12, -n = -4*x - 10. Let o be 5/x*(-12)/10. Suppose o*s = -5*m + 73, s = -4*s - 2*m + 128. What are the prime factors of s?
2, 13
Let p(n) = n**3 + 9*n**2 - 9*n - 11. Let d = -24 + 15. List the prime factors of p(d).
2, 5, 7
Let y(r) = 43*r - 128. What are the prime factors of y(14)?
2, 3, 79
Let t = 92 + -62. Suppose 4*a = a - t. Let y = a + 36. List the prime factors of y.
2, 13
Suppose 0 = -o, 16 = r - 5*r + 2*o. List the prime factors of (r/(-6))/((-44)/(-2178)).
3, 11
Suppose 0 = 5*z - 4*z - 2. Suppose z*f - f = 2. Suppose 0*a - 2*a + 2*m = -56, 3*a = -f*m + 59. List the prime factors of a.
23
Let z(k) = -k**2 - 31*k + 2. Let t be z(-31). Suppose 80 - 20 = t*r. List the prime factors of r.
2, 3, 5
Suppose -237 = -4*n + 119. Suppose -y = -2*y + n. List the prime factors of y.
89
Let s = 5 + 23. Let b = -5 + s. Suppose 3*k - 4*k = -b. What are the prime factors of k?
23
Let d = 29 + -10. Let f be 160/100*(-35)/(-2). Suppose f = v - d. List the prime factors of v.
47
Let z(w) = w**3 + 23*w**2 - 21*w + 22. What are the prime factors of z(-21)?
5, 269
Let c(a) = 83*a - 597. List the prime factors of c(30).
3, 631
Suppose -2*c = 9*c - 8272. Suppose -7*b + 242 = r - 2*b, -3*r = 2*b - c. List the prime factors of r.
2, 3, 7
Let l(u) = 15*u**3 - 3*u**2 + 10. Suppose 4 = 11*n - 18. List the prime factors of l(n).
2, 59
Suppose 0 = -4*f + 3*t + 774, -f + 6*t = t - 185. What are the prime factors of f?
3, 5, 13
Let g(p) = 99*p + 193. What are the prime factors of g(10)?
7, 13
Let c(s) = s**2 - 15*s + 6. Let l be c(15). Let j = l + 5. List the prime factors of j.
11
Let g be 123*(2/(-8) + (-68)/(-16)). Suppose 8*y - g = 2*y. What are the prime factors of y?
2, 41
Suppose -h = -5*v + 20, 0 = -0*h - 5*h. Suppose 197 = v*g - 2*a - 257, -4*g - a + 469 = 0. List the prime factors of g.
2, 29
Let i = -414 - 786. Let w be i/16*(-2)/(-2). Let s = w + 131. What are the prime factors of s?
2, 7
Suppose -4 = -4*c + 16, -5*c + 1225 = -5*p. List the prime factors of (6 - p/(-42)) + 880/7.
2, 3, 7
Let a = 34 - 22. Suppose 4*s + a = -4*t, -20 = -2*s - 2*s + 4*t. List the prime factors of 20 + (-2)/2 + s.
2, 5
Let l(y) = 161*y - 23. Let v(j) = -27*j + 4. Let m(w) = -4*l(w) - 23*v(w). Let b be m(-1). What are the prime factors of b - (3 - (-2 - -3))?
3, 7
Suppose 15*t + 19600 = 77470. List the prime factors of t.
2, 3, 643
Let s = 67 - 21. Let a be ((-62)/93)/((-3)/((-558)/(-4))). Let i = s - a. List the prime factors of i.
3, 5
Suppose 0 = 4*z + l - 40, -3*l = 3*z - 13 - 8. Let t be (z + 73)*4/6. Suppose 4*u = -h + 32, 0 = h + 2*h + 2*u - t. What are the prime factors of h?
2
Let z = 5782 - 2978. List the prime factors of z.
2, 701
Let w(o) = o**2 + 8*o - 5. Let l be w(-7). Let z be 9/l + (-41)/4. Let q = 13 + z. What are the prime factors of q?
2
Let a be -1 + -86 + 5 + 2 + -2. Let t = a + 181. What are the prime factors of t?
3, 11
Let b(p) = -150*p + 295. List the prime factors of b(-28).
5, 29, 31
List the prime factors of (116760/175)/(6/40).
2, 139
Let p = 64 - -278. List the prime factors of p.
2, 3, 19
Let z(l) = -148*l + 3. Let g be z(-1). Let f = 274 - g. List the prime factors of f.
3, 41
Suppose 5*l - 3*l = 6. Suppose -9 = d - l. What are the prime factors of (-11)/3*d*1?
2, 11
Let m be (-3912)/28 + 8/(-28). Let k = 234 + m. List the prime factors of k.
2, 47
Let n(f) = 3*f**3 - 11*f**2 + 5*f - 14. Let m(p) = 7*p**3 - 23*p**2 + 9*p - 28. Let y(k) = -2*m(k) + 5*n(k). List the prime factors of y(9).
7
Suppose n - 3*s - 29 = -4*n, 3*n - 18 = 2*s. Let y be 6/n + 5/(-10). What are the prime factors of 2*((-87)/(-6))/y?
29
Let i(z) = 9*z**2 + 7*z - 4. Let a(b) = b**2 - 7*b + 9. Let s be a(6). What are the prime factors of i(s)?
2, 7
Let x be 0/(-2) + -2 + 5. Let r(q) = -5 + 2 - 13*q**2 + 16 - q**3 + 2*q**x + 13*q. List the prime factors of r(12).
5
Let b(i) = -29*i - 8. List the prime factors of b(-5).
137
Let n(f) = -f - 4. Let h be n(-9). Suppose u - 48 = 5*z, h*u + z - 74 = 192. What are the prime factors of u?
53
Suppose -2*d + k = 5*k - 24, 5*d = 4*k + 60. Let g = 3 + d. List the prime factors of (0 + 6)/(6/g).
3, 5
Let i(u) = 55*u**2 + 8*u - 18. Let l be i(3). Let j = l - 282. List the prime factors of j.
3, 73
Let g be -1 + (13 - (-2 - -2)). Suppose 2*c = 5*c + g. List the prime factors of c/10 - 1644/(-60).
3
Let r(v) be the first derivative of -v**2/2 + 17*v - 11. Let h be r(13). Suppose 39 = 2*t + i - 22, -h*i + 89 = 3*t. What are the prime factors of t?
31
Suppose 30*m - 8224 = 14*m. List the prime factors of m.
2, 257
Suppose -s - 12 = 5. Let w = s + 72. List the prime factors of w.
5, 11
Let y be ((-14)/35 - 2/(-5)) + 0. Suppose 5*m + 52 - 252 = y. List the prime factors of m.
2, 5
Let h(p) = -p**3 - 7*p**2 - p + 9. Let j be h(-6). List the prime factors of 930/8 - j/28.
3, 13
Suppose 347 = p - 51. What are the prime factors of p?
2, 199
List the prime factors of (8 - 14) + (2*93)/3.
2, 7
Let c(h) = 42*h**3 - h**2 - 9. Let j be c(3). Suppose j = 6*a + 3*a. List the prime factors of a.
2, 31
Suppose 45*f - 42*f = -2*o + 2519, -3*o + 12 = 0. What are the prime factors of f?
3, 31
Let x(y) = -7*y - 3*y + 1 + 3 + 0. List the prime factors of x(-3).
2, 17
List the prime factors of (-228800)/(-156) - (-1 + 0)/3.
3, 163
Let h = 701 + -592. What are the prime factors of h?
109
Suppose -4*j - n + 83 = -0*j, j + 3*n - 18 = 0. Let d be 430/14 - (-6)/j. Suppose -f - 183 = -5*s - 2*f, -3*f + d = s. What are the prime factors of s?
37
Suppose -6*v = -40 + 10. Suppose v*i - 91 - 238 = -3*g, -2*i + 140 = -3*g. Let h = i - 36. What are the prime factors of h?
31
Let f = -755 - -1208. List the prime factors of f.
3, 151
Let p(y) be the first derivative of y**2 + y - 111. Suppose 4*s + 0 = 48. List the prime factors of p(s).
5
Suppose -12*x = -8765 + 917. What are the prime factors of x?
2, 3, 109
List the prime factors 